{"id":369,"date":"2021-05-25T16:13:04","date_gmt":"2021-05-25T16:13:04","guid":{"rendered":"https:\/\/csjc.cl\/?page_id=369"},"modified":"2025-08-05T14:48:18","modified_gmt":"2025-08-05T14:48:18","slug":"historia","status":"publish","type":"page","link":"https:\/\/csjc.cl\/index.php\/historia\/","title":{"rendered":"Historia"},"content":{"rendered":"<p>[et_pb_section fb_built=\u00bb1&#8243; _builder_version=\u00bb4.16&#8243; _module_preset=\u00bbdefault\u00bb background_color=\u00bb#354591&#8243; border_width_top=\u00bb2px\u00bb border_color_top=\u00bb#007fe0&#8243; global_colors_info=\u00bb{}\u00bb][et_pb_row _builder_version=\u00bb4.16&#8243; _module_preset=\u00bbdefault\u00bb global_colors_info=\u00bb{}\u00bb][et_pb_column type=\u00bb4_4&#8243; _builder_version=\u00bb4.16&#8243; _module_preset=\u00bbdefault\u00bb global_colors_info=\u00bb{}\u00bb][et_pb_text _builder_version=\u00bb4.16&#8243; _dynamic_attributes=\u00bbcontent\u00bb _module_preset=\u00bbdefault\u00bb header_font=\u00bb|700||on|||||\u00bb header_text_align=\u00bbcenter\u00bb header_text_color=\u00bb#ffffff\u00bb header_font_size=\u00bb45px\u00bb global_colors_info=\u00bb{}\u00bb]@ET-DC@eyJkeW5hbWljIjp0cnVlLCJjb250ZW50IjoicG9zdF9saW5rIiwic2V0dGluZ3MiOnsiYmVmb3JlIjoiPGgxPiIsImFmdGVyIjoiPC9oMT4iLCJ0ZXh0IjoicG9zdF90aXRsZSIsImN1c3RvbV90ZXh0IjoiIn19@[\/et_pb_text][\/et_pb_column][\/et_pb_row][\/et_pb_section][et_pb_section fb_built=\u00bb1&#8243; _builder_version=\u00bb4.16&#8243; _module_preset=\u00bbdefault\u00bb global_colors_info=\u00bb{}\u00bb][et_pb_row _builder_version=\u00bb4.16&#8243; _module_preset=\u00bbdefault\u00bb global_colors_info=\u00bb{}\u00bb][et_pb_column type=\u00bb4_4&#8243; _builder_version=\u00bb4.16&#8243; _module_preset=\u00bbdefault\u00bb global_colors_info=\u00bb{}\u00bb][et_pb_image src=\u00bbhttps:\/\/csjc.cl\/wp-content\/uploads\/2025\/08\/IMG_6639_edited.jpg\u00bb _builder_version=\u00bb4.27.2&#8243; _module_preset=\u00bbdefault\u00bb hover_enabled=\u00bb0&#8243; sticky_enabled=\u00bb0&#8243; title_text=\u00bbIMG_6639_edited\u00bb min_height=\u00bb576px\u00bb][\/et_pb_image][\/et_pb_column][\/et_pb_row][et_pb_row _builder_version=\u00bb4.27.2&#8243; _module_preset=\u00bbdefault\u00bb global_colors_info=\u00bb{}\u00bb custom_padding=\u00bb|||6px||\u00bb][et_pb_column type=\u00bb4_4&#8243; _builder_version=\u00bb4.27.2&#8243; _module_preset=\u00bbdefault\u00bb global_colors_info=\u00bb{}\u00bb][et_pb_text _builder_version=\u00bb4.27.2&#8243; _module_preset=\u00bbdefault\u00bb global_colors_info=\u00bb{}\u00bb width=\u00bb100%\u00bb]<\/p>\n<p data-start=\"70\" data-end=\"199\">El Colegio San Jos\u00e9 fue fundado el <strong>1 de mayo de 1952 por el Padre Abd\u00f3n Maldonado<\/strong>, entonces p\u00e1rroco de la Iglesia Santa Filomena.<\/p>\n<p data-start=\"201\" data-end=\"516\">A lo largo de su historia, el colegio ha mantenido un compromiso inquebrantable con la formaci\u00f3n integral de ni\u00f1os y j\u00f3venes, seg\u00fan los principios de la Iglesia Cat\u00f3lica y bajo la gu\u00eda de Dios. Actualmente, imparte educaci\u00f3n gratuita desde <strong>Pre-K\u00ednder hasta 4\u00b0 Medio<\/strong>, y cuenta con una matr\u00edcula de m\u00e1s de <strong>1.100 estudiantes.<\/strong><\/p>\n<p data-start=\"518\" data-end=\"1285\">Hoy, el Colegio San Jos\u00e9 de Cabrero forma parte de la Red de Colegios del Arzobispado de la Sant\u00edsima Concepci\u00f3n. Desde sus or\u00edgenes, ha sido reconocido en la comuna por la calidad de su educaci\u00f3n y su activa participaci\u00f3n en la vida comunitaria, lo que se mantiene vigente hasta el d\u00eda de hoy. Asimismo, el colegio ha extendido su presencia a otras comunas mediante su participaci\u00f3n en actividades inter-escolares como Olimpiadas de Matem\u00e1tica a nivel regional y nacional, Festivales de la Canci\u00f3n de Colegios Cat\u00f3licos, concursos literarios, competencias de emprendimiento, eventos deportivos y todas las iniciativas impulsadas por la Red de Colegios del Arzobispado, en las que destaca una pastoral juvenil activa y comprometida.<\/p>\n<p data-start=\"1287\" data-end=\"1445\">A esto se suman visitas a instituciones de educaci\u00f3n superior y participaci\u00f3n en ferias vocacionales, fortaleciendo el horizonte formativo de sus estudiantes.<\/p>\n<p data-start=\"1447\" data-end=\"1603\">Este es nuestro querido Colegio San Jos\u00e9: una comunidad que, bajo la protecci\u00f3n de su Santo Patrono, educa, evangeliza y sirve con la mirada puesta en Dios.<\/p>\n<p>&nbsp;<\/p>\n<p>[\/et_pb_text][\/et_pb_column][\/et_pb_row][\/et_pb_section]<\/p>\n","protected":false},"excerpt":{"rendered":"<p>El Colegio San Jos\u00e9 fue fundado el 1 de mayo de 1952 por el Padre Abd\u00f3n Maldonado, entonces p\u00e1rroco de la Iglesia Santa Filomena. A lo largo de su historia, el colegio ha mantenido un compromiso inquebrantable con la formaci\u00f3n integral de ni\u00f1os y j\u00f3venes, seg\u00fan los principios de la Iglesia Cat\u00f3lica y bajo la [&hellip;]<\/p>\n","protected":false},"author":1,"featured_media":0,"parent":0,"menu_order":0,"comment_status":"closed","ping_status":"closed","template":"","meta":{"_et_pb_use_builder":"on","_et_pb_old_content":"<!-- wp:divi\/placeholder \/-->","_et_gb_content_width":"","footnotes":""},"class_list":["post-369","page","type-page","status-publish","hentry"],"_links":{"self":[{"href":"https:\/\/csjc.cl\/index.php\/wp-json\/wp\/v2\/pages\/369"}],"collection":[{"href":"https:\/\/csjc.cl\/index.php\/wp-json\/wp\/v2\/pages"}],"about":[{"href":"https:\/\/csjc.cl\/index.php\/wp-json\/wp\/v2\/types\/page"}],"author":[{"embeddable":true,"href":"https:\/\/csjc.cl\/index.php\/wp-json\/wp\/v2\/users\/1"}],"replies":[{"embeddable":true,"href":"https:\/\/csjc.cl\/index.php\/wp-json\/wp\/v2\/comments?post=369"}],"version-history":[{"count":9,"href":"https:\/\/csjc.cl\/index.php\/wp-json\/wp\/v2\/pages\/369\/revisions"}],"predecessor-version":[{"id":2469,"href":"https:\/\/csjc.cl\/index.php\/wp-json\/wp\/v2\/pages\/369\/revisions\/2469"}],"wp:attachment":[{"href":"https:\/\/csjc.cl\/index.php\/wp-json\/wp\/v2\/media?parent=369"}],"curies":[{"name":"wp","href":"https:\/\/api.w.org\/{rel}","templated":true}]}}

<p>[et_pb_section fb_built=»1&#8243; _builder_version=»4.16&#8243; _module_preset=»default» background_color=»#354591&#8243; border_width_top=»2px» border_color_top=»#007fe0&#8243; global_colors_info=»{}»][et_pb_row _builder_version=»4.16&#8243; _module_preset=»default» global_colors_info=»{}»][et_pb_column type=»4_4&#8243; _builder_version=»4.16&#8243; _module_preset=»default» global_colors_info=»{}»][et_pb_text _builder_version=»4.16&#8243; _dynamic_attributes=»content» _module_preset=»default» header_font=»|700||on|||||» header_text_align=»center» header_text_color=»#ffffff» header_font_size=»45px» global_colors_info=»{}»]@ET-DC@eyJkeW5hbWljIjp0cnVlLCJjb250ZW50IjoicG9zdF9saW5rIiwic2V0dGluZ3MiOnsiYmVmb3JlIjoiPGgxPiIsImFmdGVyIjoiPC9oMT4iLCJ0ZXh0IjoicG9zdF90aXRsZSIsImN1c3RvbV90ZXh0IjoiIn19@[/et_pb_text][/et_pb_column][/et_pb_row][/et_pb_section][et_pb_section fb_built=»1&#8243; _builder_version=»4.16&#8243; _module_preset=»default» global_colors_info=»{}»][et_pb_row _builder_version=»4.16&#8243; _module_preset=»default» global_colors_info=»{}»][et_pb_column type=»4_4&#8243; _builder_version=»4.16&#8243; _module_preset=»default» global_colors_info=»{}»][et_pb_image src=»https://csjc.cl/wp-content/uploads/2025/08/IMG_6639_edited.jpg» _builder_version=»4.27.2&#8243; _module_preset=»default» hover_enabled=»0&#8243; sticky_enabled=»0&#8243; title_text=»IMG_6639_edited» min_height=»576px»][/et_pb_image][/et_pb_column][/et_pb_row][et_pb_row _builder_version=»4.27.2&#8243; _module_preset=»default» global_colors_info=»{}» custom_padding=»|||6px||»][et_pb_column type=»4_4&#8243; _builder_version=»4.27.2&#8243; _module_preset=»default» global_colors_info=»{}»][et_pb_text _builder_version=»4.27.2&#8243; _module_preset=»default» global_colors_info=»{}» width=»100%»]</p>
<p data-start="70" data-end="199">El Colegio San José fue fundado el <strong>1 de mayo de 1952 por el Padre Abdón Maldonado</strong>, entonces párroco de la Iglesia Santa Filomena.</p>
<p data-start="201" data-end="516">A lo largo de su historia, el colegio ha mantenido un compromiso inquebrantable con la formación integral de niños y jóvenes, según los principios de la Iglesia Católica y bajo la guía de Dios. Actualmente, imparte educación gratuita desde <strong>Pre-Kínder hasta 4° Medio</strong>, y cuenta con una matrícula de más de <strong>1.100 estudiantes.</strong></p>
<p data-start="518" data-end="1285">Hoy, el Colegio San José de Cabrero forma parte de la Red de Colegios del Arzobispado de la Santísima Concepción. Desde sus orígenes, ha sido reconocido en la comuna por la calidad de su educación y su activa participación en la vida comunitaria, lo que se mantiene vigente hasta el día de hoy. Asimismo, el colegio ha extendido su presencia a otras comunas mediante su participación en actividades inter-escolares como Olimpiadas de Matemática a nivel regional y nacional, Festivales de la Canción de Colegios Católicos, concursos literarios, competencias de emprendimiento, eventos deportivos y todas las iniciativas impulsadas por la Red de Colegios del Arzobispado, en las que destaca una pastoral juvenil activa y comprometida.</p>
<p data-start="1287" data-end="1445">A esto se suman visitas a instituciones de educación superior y participación en ferias vocacionales, fortaleciendo el horizonte formativo de sus estudiantes.</p>
<p data-start="1447" data-end="1603">Este es nuestro querido Colegio San José: una comunidad que, bajo la protección de su Santo Patrono, educa, evangeliza y sirve con la mirada puesta en Dios.</p>
<p>&nbsp;</p>
<p>[/et_pb_text][/et_pb_column][/et_pb_row][/et_pb_section]</p>

<p>El Colegio San José fue fundado el 1 de mayo de 1952 por el Padre Abdón Maldonado, entonces párroco de la Iglesia Santa Filomena. A lo largo de su historia, el colegio ha mantenido un compromiso inquebrantable con la formación integral de niños y jóvenes, según los principios de la Iglesia Católica y bajo la [&hellip;]</p>
